
35
Let j(b) = -355*b - 51. Let f be j(-3). What is the highest common divisor of 6 and f?
6
Suppose -f = -3*d - 12, -945 = 2*f - d - 984. Suppose -2*n + 75 = o, n + 2*o - 12 = 33. Calculate the highest common divisor of f and n.
7
Suppose 35*u - 40*u = -10. Suppose -4*y - u*q = -650, -5*y + 7*q = 4*q - 807. Calculate the greatest common divisor of y and 36.
18
Suppose -2*h + 253 = 3*s, -4*s + 328 = 9*h - 4*h. What is the greatest common divisor of s and 16?
1
Let r(a) = -3*a**3 + 63*a**2 + 6. Let k be r(21). Suppose o = 5*c - k + 18, 3*o = c + 78. What is the greatest common factor of o and 72?
9
Let u = 42 + -43. Let i be 161/5 + (u/5 - 0). Calculate the highest common divisor of 320 and i.
32
Let j be (-1)/((-1)/39) + -2. Suppose -u = o - 71, -u - 2*o - j + 107 = 0. Let x be (-1350)/400*(-16)/6. Calculate the highest common divisor of u and x.
9
Let y(p) = -5*p - 9. Let f be y(-7). Suppose -56 - 13 = -3*k. Suppose -5*v + 7*v + m = k, -14 = -2*v - 4*m. What is the greatest common factor of f and v?
13
Let t(f) = -6*f**2 + 24*f. Let h be t(-5). Let j = h - -284. What is the highest common divisor of j and 1162?
14
Let a be (-56952)/(-280) - (-2)/(-5). Calculate the highest common divisor of a and 119.
7
Let z = -68 - -75. Let x be 1/(1/z)*2700/630. Let w be (5 - (-6)/(-2))*75. Calculate the highest common factor of w and x.
30
Suppose 2*s - 5*w - 8 = 1, s + 2*w - 18 = 0. Let y be (-89033)/(-158) - (-6)/12. Calculate the greatest common divisor of y and s.
12
Suppose 0 = 3*y + 74 - 245. What is the greatest common divisor of 304 and y?
19
Let d be (-2)/24 - (-8498165)/13884. Suppose 226 = 2*u + 90. Calculate the greatest common divisor of u and d.
68
Let q(g) = 162*g - 4035. Let i be q(25). Suppose -6*m + 4*m + 6 = 0. Let v = 6 - m. Calculate the greatest common divisor of i and v.
3
Let w = 5376 - 4168. What is the highest common factor of w and 144?
8
Let r be ((-275990)/(-90))/13 - (-1)/9. What is the highest common divisor of r and 8?
4
Let w(i) = -282*i - 5420. Let z be w(-20). What is the greatest common divisor of 6732 and z?
44
Let w = -9761 - -9896. Let j = 134 + -44. Calculate the highest common factor of j and w.
45
Suppose 1305 = 3*t + p + 933, -3*t = -2*p - 381. Suppose 0 = 51*u - 56*u + 500. What is the highest common divisor of t and u?
25
Let i(h) = h**3 + 7*h**2 + 5*h - 26. Let g be i(-5). Let y be (11 + 2 + g)/(21/42). Suppose 3*a - 64 = -a. What is the greatest common factor of a and y?
8
Let a = 1037 - 1481. Let q be (6 - a) + (5 + -2)*-2. Calculate the highest common divisor of q and 12.
12
Let r = -1768 + 1426. Let o be (-2)/(-5) - 7/5. Let d be 4/(8/r)*o. What is the greatest common factor of d and 19?
19
Let c = 163 - 139. Suppose c*z = 21*z + 180. What is the greatest common factor of z and 45?
15
Suppose 5*q - 67183 = 2*y, 3*y - 28598 - 38615 = -5*q. What is the greatest common factor of 151 and q?
151
Let c(j) = j**2 + 83*j + 533. Let f be c(38). Calculate the highest common divisor of 21 and f.
7
Let h = 7048 + -1487. Calculate the highest common divisor of 415 and h.
83
Let r = 8777 - 8577. Let o be -3 - 3/((-9)/84). What is the greatest common factor of o and r?
25
Suppose 561 = 21*x - 279. Suppose 2*a - 3*h = -7*h - 30, -a - h = 17. Let m = 27 + a. Calculate the greatest common divisor of m and x.
8
Let x be -10*(-1)/((-5)/(-264)). Suppose -7*g = -3*u + 43, 7 = -u + 5*g - 0. Calculate the greatest common factor of x and u.
33
Suppose 30 - 6 = 6*c. Suppose g + 4*r = 32, 8*g - 4*g - c*r = 88. Let a be g - (4 + -2 - (4 + -2)). What is the highest common divisor of 12 and a?
12
Let t be (-1 + (-3)/21)/(45/(-1575)). Calculate the greatest common factor of 19480 and t.
40
Suppose 50*r - 32*r = 126. Let c be 250/9 - ((-14)/9)/r. Let y(m) = -46*m - 6. Let a be y(-5). What is the greatest common factor of a and c?
28
Let o(v) = 292*v + 2871. Let a be o(-9). Calculate the greatest common divisor of 117 and a.
9
Suppose 5 = 5*q, -5*n - 5*q - 1210 = -8*n. Suppose 20 = -4*x, -3*j + 100 = -x - x. What is the highest common divisor of j and n?
15
Suppose 0 = 4*r + c - 3*c - 2716, 1364 = 2*r - 4*c. Let z be -5 + r/30 + 4/10. What is the greatest common factor of z and 12?
6
Let r(n) = 19*n + 5. Let h be (-12)/(-8)*9*-2. Let f = -26 - h. Let t be r(f). Calculate the highest common divisor of t and 16.
8
Let v(w) = 494*w**3 - 4*w**2 + 9*w - 5. Let q be v(1). Calculate the highest common factor of 390 and q.
26
Let l be (-26)/(-91) - 33/(-7). Let u = l + 5. Suppose 7*s + t - 98 = 2*s, 3*s + 3*t - 54 = 0. Calculate the greatest common factor of s and u.
10
Let m = 17 - 6. Let p = 116515 + -116416. Calculate the greatest common factor of m and p.
11
Let z(t) = t - 15. Let o be z(17). Suppose o = -7*a + 5*a. Let k be (-30)/12*(-2)/a*-1. What is the greatest common factor of k and 35?
5
Suppose 22*n - 262249 = -30*n - 73489. Calculate the greatest common divisor of n and 33.
33
Suppose -50*s + 19395 + 220855 = 0. Calculate the greatest common factor of 5 and s.
5
Let n(q) = 15*q**3 - q**2 - 2*q + 3. Let l be n(1). Suppose 267 = l*c - 333. What is the highest common factor of 160 and c?
40
Let a = 682 - 730. Let j be (-40864)/a - (-2)/(-6). Calculate the highest common factor of 37 and j.
37
Let q = 9647 + -9559. Calculate the highest common factor of q and 473.
11
Suppose 154 = 2*b + p, 5*b - 5*p = 401 - 16. Let o = -95 - -204. Let t = o - b. What is the highest common divisor of t and 80?
16
Let s(l) = -4 + 3 + 14 - 5 + l**3 + 6*l**2 - 6*l. Let c be s(-7). Let a be 4/(-10)*-10*1*c. Calculate the highest common divisor of 1 and a.
1
Let q(v) = 5*v**2 - 3*v + 3. Let h be q(2). Let p be 5 - 9360/(-64) - (-6)/8. Suppose 122*d - p*d + 510 = 0. What is the greatest common factor of d and h?
17
Suppose -55 = 5*f + 5*k, -139*f + 5 = -144*f + 5*k. Let l(a) = -35*a + 7. Let y be l(f). What is the highest common divisor of 14 and y?
7
Let y = -7 - -16. Suppose 0 = g + 14*i - 9*i - 25, 168 = 4*g + 3*i. Calculate the highest common divisor of g and y.
9
Let b be (1 - (0 - 0)) + (-42)/(-6). Suppose -259 + 35 = -b*w. Let q = 44 - w. What is the highest common divisor of q and 176?
16
Suppose 65*v - 55*v - 49410 = 0. Calculate the highest common factor of v and 81.
81
Let m be (4/(-5))/(18/(-630)). Suppose 4*v - 15*v = 2123. Let y = v + 201. What is the greatest common factor of y and m?
4
Let z = 2144 + -2126. Let y(o) = o**3 + 5*o**2 + 1. Let s be y(-6). Let w be 1/4 + s/(-20). Calculate the greatest common divisor of w and z.
2
Let n be 374 + 6*(-5)/(-10). Let j = n + -344. Calculate the highest common factor of j and 22.
11
Suppose 5*r = 3*p + 51, -6*r + 2*r = -3*p - 39. Let h be r*1/3*4. Suppose -56548 = 1037*o - 189284. What is the greatest common divisor of o and h?
16
Let y be (4*(-2)/12)/(25/225) + 519. Calculate the greatest common factor of y and 38.
19
Suppose 5*u = -2*g - 72, 4*u + 36 + 20 = -2*g. Let r = u + 58. Let v be (-85)/(-3) + (-2)/6. What is the greatest common divisor of v and r?
14
Suppose -3*y + 9 = -6, -40 = -2*q + 2*y. Let k = -21 + q. Suppose -m + 29 = -2*d + 3*d, -3*m = k*d - 86. Calculate the greatest common divisor of 75 and m.
15
Suppose -70 = -34*m + 30*m - 3*a, 34 = 2*m + a. What is the highest common divisor of m and 10976?
16
Let o(t) = 215*t + 654. Let u be o(-2). Calculate the highest common factor of 4816 and u.
112
Let i(o) = 8*o - 6. Let w be i(4). Let b = -1743 - -1769. Calculate the highest common factor of b and w.
26
Let u = -28256 + 28940. Calculate the highest common divisor of u and 792.
36
Let m(u) = u**3 - 12*u**2 + 13*u + 73. Let k be m(13). Suppose 0*d - 4*d + 5*r = -k, 0 = 2*r - 2. What is the greatest common factor of d and 156?
52
Let v(i) = i**3 - 14*i**2 + 3*i - 27. Let w be v(14). Suppose -3*c + c = -128. Suppose 0 = 4*x + 4 - c. Calculate the highest common factor of w and x.
15
Suppose -s + 7315 = 5*s - 4721. Calculate the greatest common factor of 136 and s.
34
Let b(a) = 6*a**2 - 124*a - 27. Let n be 3 - -13 - 6/((-18)/15). Let g be b(n). What is the greatest common factor of g and 345?
15
Let h be 0/(0 + -4 + 0). Suppose v - 2 + 0 = h. Let j(c) = c**3 - 17*c**2 + 31*c - 1. Let b be j(15). What is the greatest common factor of b and v?
2
Suppose 0 = -5*u - 3*b + 755, 3*u = -3*b + 301 